3
-3 (base 12) to base 3
-10
What is 2 (base 3) in base 2?
10
What is -a (base 13) in base 8?
-12
-12 (base 14) to base 6
-24
Convert 312 (base 5) to base 7.
145
66 (base 10) to base 12
56
Convert 1 (base 9) to base 7.
1
-4 (base 13) to base 16
-4
Convert 3 (base 6) to base 7.
3
Convert -5e (base 15) to base 6.
-225
What is 3 (base 4) in base 2?
11
Convert -3220 (base 4) to base 7.
-451
What is -80 (base 10) in base 14?
-5a
-6 (base 11) to base 6
-10
Convert 15 (base 15) to base 2.
10100
What is 1 (base 14) in base 8?
1
Convert -16 (base 12) to base 3.
-200
Convert -5 (base 13) to base 3.
-12
Convert 6 (base 15) to base 16.
6
Convert 200 (base 3) to base 8.
22
-44 (base 13) to base 9
-62
What is 9e (base 15) in base 12?
105
Convert 3a (base 11) to base 16.
2b
1 (base 8) to base 3
1
Convert 9 (base 12) to base 8.
11
-2001 (base 3) to base 13
-43
Convert 44 (base 6) to base 9.
31
Convert -2 (base 12) to base 5.
-2
What is -13 (base 7) in base 13?
-a
Convert -3 (base 8) to base 7.
-3
-11 (base 3) to base 15
-4
12 (base 4) to base 15
6
1a (base 16) to base 11
24
What is 1 (base 11) in base 13?
1
What is -1 (base 5) in base 16?
-1
Convert -10 (base 7) to base 8.
-7
Convert 1 (base 10) to base 8.
1
Convert -200 (base 3) to base 11.
-17
What is 0 (base 10) in base 4?
0
What is -1101 (base 2) in base 10?
-13
What is -14 (base 11) in base 13?
-12
-1101100 (base 2) to base 3
-11000
29 (base 12) to base 2
100001
Convert 1110 (base 6) to base 4.
10002
111100 (base 2) to base 13
48
What is 13 (base 12) in base 11?
14
-33 (base 7) to base 5
-44
0 (base 4) to base 14
0
Convert 12 (base 3) to base 10.
5
Convert 13 (base 16) to base 6.
31
What is 101 (base 2) in base 16?
5
-10 (base 6) to base 5
-11
-1 (base 15) to base 7
-1
What is 31 (base 4) in base 5?
23
Convert 5 (base 14) to base 10.
5
What is -25 (base 10) in base 9?
-27
What is -2a (base 15) in base 13?
-31
-11101 (base 2) to base 16
-1d
102 (base 6) to base 14
2a
What is a (base 16) in base 13?
a
What is -101001 (base 2) in base 7?
-56
Convert 11 (base 3) to base 11.
4
What is 0 (base 5) in base 11?
0
81 (base 15) to base 5
441
Convert -27 (base 11) to base 4.
-131
-1010 (base 2) to base 6
-14
Convert 56 (base 13) to base 14.
51
What is 13 (base 10) in base 12?
11
What is 1 (base 6) in base 14?
1
-212 (base 5) to base 3
-2010
What is 5d (base 15) in base 14?
64
50 (base 11) to base 8
67
What is -543 (base 6) in base 2?
-11001111
Convert -21 (base 3) to base 12.
-7
15 (base 10) to base 11
14
2 (base 13) to base 16
2
-73 (base 14) to base 11
-92
Convert -2 (base 13) to base 6.
-2
Convert -b (base 12) to base 16.
-b
-250 (base 10) to base 13
-163
Convert -5 (base 6) to base 9.
-5
What is -14 (base 12) in base 11?
-15
What is 1 (base 14) in base 15?
1
What is 4 (base 10) in base 16?
4
-7 (base 14) to base 8
-7
What is 3 (base 4) in base 7?
3
-5b (base 15) to base 8
-126
Convert 0 (base 12) to base 5.
0
3 (base 5) to base 7
3
Convert -21 (base 7) to base 6.
-23
-4 (base 8) to base 13
-4
What is -515 (base 7) in base 9?
-315
Convert 32 (base 7) to base 11.
21
What is 32 (base 10) in base 7?
44
What is -3 (base 11) in base 7?
-3
What is -4d (base 16) in base 6?
-205
What is -122 (base 4) in base 5?
-101
What is -25 (base 11) in base 14?
-1d
What is -c (base 15) in base 14?
-c
What is 12 (base 3) in base 13?
5
3 (base 9) to base 4
3
Convert 21 (base 3) to base 14.
7
What is 10 (base 3) in base 10?
3
-a0 (base 14) to base 11
-118
5 (base 13) to base 9
5
-133 (base 4) to base 13
-25
What is -1 (base 7) in base 5?
-1
-11 (base 2) to base 16
-3
0 (base 5) to base 16
0
-3 (base 15) to base 7
-3
-5 (base 10) to base 12
-5
-2 (base 9) to base 15
-2
Convert 310 (base 4) to base 14.
3a
220 (base 3) to base 11
22
Convert -9 (base 10) to base 13.
-9
What is 40 (base 8) in base 12?
28
What is -133 (base 5) in base 9?
-47
-3 (base 5) to base 3
-10
What is 91 (base 13) in base 12?
9a
Convert -10 (base 4) to base 12.
-4
What is 22 (base 12) in base 2?
11010
What is -2 (base 8) in base 7?
-2
14 (base 6) to base 5
20
Convert -6 (base 15) to base 3.
-20
1 (base 16) to base 11
1
What is 12002 (base 3) in base 6?
345
What is -2 (base 15) in base 8?
-2
3c (base 14) to base 9
60
What is -3 (base 14) in base 11?
-3
-2110 (base 4) to base 12
-104
Convert 100001 (base 2) to base 12.
29
Convert 0 (base 10) to base 6.
0
-14 (base 14) to base 10
-18
What is -1 (base 9) in base 13?
-1
What is -214 (base 6) in base 4?
-1102
3 (base 10) to base 3
10
What is -100110100 (base 2) in base 9?
-372
What is 0 (base 8) in base 7?
0
What is -11 (base 14) in base 15?
-10
What is 1000 (base 3) in base 4?
123
Convert 8a (base 11) to base 10.
98
-3 (base 7) to base 11
-3
What is 2 (base 11) in base 7?
2
What is c (base 13) in base 8?
14
Convert 0 (base 13) to base 9.
0
1c (base 16) to base 10
28
Convert -411 (base 5) to base 2.
-1101010
What is -15 (base 16) in base 7?
-30
Convert -35 (base 15) to base 12.
-42
-110101 (base 2) to base 16
-35
22 (base 6) to base 7
20
What is 115 (base 8) in base 12?
65
21 (base 10) to base 8
25
11001 (base 2) to base 8
31
Convert 14 (base 8) to base 4.
30
What is -187 (base 9) in base 2?
-10100000
Convert 0 (base 6) to base 12.
0
1200 (base 3) to base 7
63
What is 302 (base 5) in base 15?
52
11 (base 7) to base 10
8
Convert -16 (base 7) to base 14.
-d
What is f (base 16) in base 6?
23
What is 2 (base 3) in base 8?
2
Convert 2 (base 6) to base 9.
2
What is 10 (base 11) in base 5?
21
6 (base 16) to base 2
110
4 (base 7) to base 11
4
Convert 1 (base 16) to base 14.
1
What is -2 (base 8) in base 16?
-2
What is 6 (base 9) in base 4?
12
2 (base 8) to base 3
2
Convert -3 (base 6) to base 13.
-3
Convert -17 (base 9) to base 10.
-16
What is -3 (base 9) in base 14?
-3
-5 (base 7) to base 3
-12
Convert -1 (base 5) to base 14.
-1
Convert -3 (base 11) to base 9.
-3
1223 (base 4) to base 3
10222
What is 1 (base 3) in base 10?
1
Convert -10 (base 7) to base 16.
-7
Convert -4 (base 11) to base 14.
-4
Convert 12 (base 3) to base 4.
11
21 (base 5) to base 6
15
What is -7 (base 14) in base 16?
-7
Convert 10 (base 11) to base 2.
1011
Convert -12 (base 3) to base 7.
-5
Convert -4 (base 6) to base 5.
-4
Convert -55 (base 14) to base 3.
-2210
Convert -36 (base 14) to base 8.
-60
What is d (base 16) in base 14?
d
Convert -58 (base 9) to base 10.
-53
Convert 51 (base 7) to base 12.
30
19 (base 14) to base 7
32
What is 58 (base 15) in base 2?
1010011
What is 126 (base 12) in base 2?
10101110
What is -51 (base 15) in base 16?
-4c
What is 121 (base 3) in base 15?
11
Convert 0 (base 16) to base 10.
0
18 (base 14) to base 12
1a
-223 (base 4) to base 14
-31
What is 64 (base 7) in base 12?
3a
8 (base 13) to base 9
8
What is 3 (base 8) in base 3?
10
-2 (base 6) to base 4
-2
4 (base 8) to base 14
4
What is 2 (base 6) in base 12?
2
Convert -2 (base 13) to base 4.
-2
90 (base 10) to base 8
132
-3 (base 5) to base 7
-3
3 (base 5) to base 6
3
Convert 3 (base 4) to base 7.
3
c4 (base 16) to base 4
3010
Convert -139 (base 13) to base 10.
-217
Convert -8 (base 9) to base 16.
-8
What is -101101101 (base 2) in base 7?
-1031
-10 (base 10) to base 2
-1010
What is -21 (base 4) in base 3?
-100
What is 3 (base 16) in base 6?
3
What is -110010 (base 3) in base 13?
-1c2
-4 (base 7) to base 15
-4
What is -3 (base 11) in base 6?
-3
Convert 11100 (base 2) to base 13.
22
6 (base 8) to base 5
11
What is -11 (base 11) in base 3?
-110
What is 133 (base 12) in base 8?
267
Convert 3 (base 13) to base 6.
3
What is 13 (base 16) in base 9?
21
Convert 120 (base 9) to base 16.
63
Convert 4 (base 13) to base 14.
4
1 (base 13) to base 15
1
-1 (base 5) to base 11
-1
2 (base 8) to base 15
2
Convert -3 (base 10) to base 7.
-3
1 (base 13) to base 3
1
Convert 64 (base 13) to base 2.
1010010
What is -2 (base 3) in base 7?
-2
-c (base 14) to base 12
-10
Convert 4 (base 11) to base 15.
4
Convert 26 (base 8) to base 13.
19
Convert b (base 15) to base 2.
1011
Convert -46 (base 13) to base 3.
-2011
-12 (base 5) to base 11
-7
What is 101 (base 3) in base 5?
20
-1 (base 13) to base 4
-1
What is -6 (base 16) in base 11?
-6
Convert -56 (base 7) to base 10.
-41
What is 9 (base 15) in base 9?
10
Convert 3 (base 15) to base 11.
3
What is -151 (base 6) in base 11?
-61
Convert -2b (base 16) to base 